culate s(y).
2
Let w(t) = t - 7 + 510*t**2 - 721*t**2 + 212*t**2. Let b(o) = o**2 - 5*o - 7. Let y be b(7). Let i(d) = d**2 - 8*d + 7. Let h be i(y). Calculate w(h).
-7
Let v(a) = -a**3 + 7*a**2 + 4*a + 9. Let k = -1414 + 1422. Give v(k).
-23
Let o(b) = 2521 - 831 - 796 - 832 - b**2 + 0*b**2. Calculate o(-8).
-2
Let z(v) = -5. Let r(a) be the second derivative of -a**3/2 + 5*a**2 - 23*a + 3. Let i(c) = 2*r(c) + 5*z(c). Calculate i(5).
-35
Let r(u) = -u + 24. Let y be r(23). Let w be (-88 + 85)*(y + 16/(-6)). Let h(p) = p**3 - 6*p**2 - 2*p + 2. Calculate h(w).
-33
Let f(m) = 11*m - 53. Let x(o) = -9*o + 70. Let k(a) = 3*f(a) + 2*x(a). Calculate k(2).
11
Let n(l) = -l**3 + 6*l**2 - 4. Let a(y) = y**3 - 9*y**2 + 14*y + 3. Let z be a(7). Suppose 5*i = z*i + 12. Calculate n(i).
-4
Let q(z) = -13*z**3 + 2*z**2 + 2*z - 8. Let d(s) = 2*s**3 - s**2 + s + 1. Let k(a) = 6*d(a) + q(a). Calculate k(-5).
-17
Let n(h) = -7*h + 4. Let o(c) = -3*c + 2. Let t(w) = 4*n(w) - 9*o(w). Let f be (6/(1 + 0))/(27/342). Let v = 81 - f. Calculate t(v).
-7
Let i(d) = -45*d**2 - 102*d - 104. Let c(u) = -7*u**2 - 17*u - 17. Let q(s) = 13*c(s) - 2*i(s). Let z = 3 - 19. What is q(z)?
3
Suppose -4*t + 2*v = -64, -5*t - 9*v + 62 = -7*v. Suppose 4*i + b + 22 = -4, 3*i - 2*b + t = 0. Let n(g) = -g**3 - 7*g**2 - 9*g - 9. Calculate n(i).
9
Let j(u) = 76396*u - 152789*u + 14 + 76398*u. Let r(z) = 7. Let b(m) = -m + 21. Let t(n) = 2*b(n) - 7*r(n). Let s(f) = 4*j(f) + 9*t(f). Give s(8).
9
Let q be -22151 + 22151 + (-4)/(-1 - 0). Let g(w) = 11*w - 2*w**2 - 3*w**2 + 3*w**2 - 6. Determine g(q).
6
Let n = -1942 + 1943. Let j(c) be the second derivative of -c**3/3 + c**2 - 6*c. Calculate j(n).
0
Let s be ((-125)/(-25))/((-1)/2*2). Let y(f) be the third derivative of f**5/60 + 5*f**4/24 + 7*f**3/6 + 4*f**2. Give y(s).
7
Let c(i) = -i - 9. Let f be 1930/(-12) - 7 - (-2)/(-12). Let t = 165 + f. Calculate c(t).
-6
Let y(m) = -m**3 - 8*m**2 - 18*m + 3. Let c be (-2)/(-20)*10 - 5/(-4)*-4. Determine y(c).
11
Let h(k) = k**3 + 4*k**2 - 3*k - 10. Let y be h(-4). Let a(n) = 3*n**2 + 1 - 4 + 2*n**3 + n + 2 - 2*n. Give a(y).
25
Let j be 24/(-36)*(-3)/2*-1. Let q(u) = 3*u + 1. Calculate q(j).
-2
Let u(j) = -43 + 59 - 104*j - 73*j + 176*j. Determine u(-17).
33
Let a(f) = -f**3 + 7*f**2. Suppose 30*n = 31*n - 2. Suppose 0 = -2*s + n*w - 4 + 24, 2*w = -s + 1. Give a(s).
0
Let n(y) be the first derivative of y**4/4 + 3*y**3 + 21*y**2/2 + 23*y - 2037. What is n(-6)?
5
Let h = -50 + 49. Let w(j) = 8 - 2*j**2 + 6 - 10*j**3 - 13. What is w(h)?
9
Suppose 2*j + 32 = 4*r, 28*j + 40 = 24*j. Let i(y) = y**2 - y - 2*y + 4*y - 4. Give i(r).
8
Let g(m) = 11*m + 175*m**2 + 94*m**2 - 282*m**2 + 12. What is g(-1)?
-12
Let g(x) be the third derivative of -x**6/60 - x**5/60 + 7*x**4/24 - x**3/3 - 1020*x**2. Calculate g(2).
-8
Let f(d) be the second derivative of 2*d**3/3 - 23*d - 13. Suppose -l - 4*l - 10 = 0. Calculate f(l).
-8
Let u(o) = o**3 - 3*o**2 + 3*o. Let k be u(2). Let g(q) = 2231*q**2 - 15 - 1115*q**2 - 11*q - 1117*q**k. Calculate g(-10).
-5
Let y(p) be the second derivative of p**4/12 - p**3/2 + p**2/2 + 1596*p - 1. Calculate y(-3).
19
Let l(h) be the third derivative of h**6/180 - h**5/60 - 175*h**4/24 - 2*h**2 - 20. Let d(j) be the second derivative of l(j). Determine d(-1).
-6
Let q(z) = 3*z - 31. Suppose 14*x = 126*x - 1568. Calculate q(x).
11
Let p(x) be the third derivative of x**5/12 + x**4/24 - x**3/3 - 99*x**2. Let r = 36 - 38. What is p(r)?
16
Let v = 19 + -19. Let a(d) = 9*d - d**3 - 2*d - 2 - d - 5*d. What is a(v)?
-2
Let h(o) = 5*o**2 + 3*o + 3. Suppose -22*f = -26*f + 280. Suppose 3*p - p - 4*x = 120, -64 = -p + x. Let m = p - f. What is h(m)?
17
Let q = 26 + -21. Let c be q - (3 - (-2 + 6)). Let l(a) be the second derivative of a**5/20 - 5*a**4/12 - 5*a**3/6 + a**2/2 - 2*a - 15. Give l(c).
7
Let q(c) = 11*c**2 - 1. Let v(j) = 37*j + 171. Let z be v(-5). Let l be z/(-16) + (2 - 15/8). Determine q(l).
10
Let g(z) = z**3 - 4*z**2 - 32*z + 7. Suppose 1150 = 107*c + 294. Give g(c).
7
Let w(i) = -11*i**3 - 16*i**2 - 8*i - 26. Let o(v) = 24*v**3 + 33*v**2 + 16*v + 52. Let g(x) = 6*o(x) + 13*w(x). What is g(11)?
7
Suppose 0 = -2*k + k + 17. Let i be ((-260)/390)/((-2)/87). Let r(q) = -9*q - k*q + i*q - 4 + q**2. What is r(-3)?
-4
Let a(r) = 64*r - 192*r + 54*r + 66*r - 4 + 0. Calculate a(-3).
20
Suppose 6*h - 4 = 5*h. Let f(g) = -4*g**3 - g**2 + 15*g - 65. Let j(r) = -r**3 + 4*r - 13. Let l(k) = -2*f(k) + 9*j(k). Give l(h).
5
Let c(s) = 12*s + 164. Let f be c(-13). Let y(k) = k**2 + 0 + 5 - 2*k**2 + k**3 + f*k - 2*k**3 - 4*k**2. Give y(-6).
-7
Let m(x) be the third derivative of -x**6/120 + x**5/10 + x**4/4 - x**3 + 2*x**2 - 48*x + 29. Calculate m(3).
39
Let j(q) be the second derivative of -3*q**5/20 - q**4/12 + q. Suppose 8*f = -15*f - 23. Give j(f).
2
Let h = -22 - -20. Let v(b) = -158 - 5*b - 6*b**2 + 3*b**2 + 154. Give v(h).
-6
Let d = 23 + -21. Suppose 23*q - 25*q + d = 0. Let s be (q + 0)*(-16)/(-4). Let o(p) = -p**2 + 5*p + 2. Determine o(s).
6
Let c(j) be the first derivative of -j**5/30 - j**4/12 + 5*j**2/2 + 9. Let v(x) be the second derivative of c(x). Let d = 2 + -5. Determine v(d).
-12
Let p(j) = -j**3 - 3*j**2 + 6*j - 2. Let x be (1 + 20/(-15))*-18. Let z be 8/x*135/30. Let o be (-135)/9*2/z. Give p(o).
18
Let i(s) = -2*s**2 + 6*s. Let n = -2671 - -2675. Determine i(n).
-8
Let g(w) be the second derivative of w**4/6 - w**3/3 + w**2 - 15*w - 112. Let q(v) = -3*v - 2. Let b be q(-2). Calculate g(b).
26
Let u(g) be the second derivative of g**4/12 + 11*g**3/6 + 7*g**2/2 - 217*g. Suppose 6 = 2*r, 2*r - 4 = -j - 2*r. Determine u(j).
-17
Let m(b) = 15*b + 49. Suppose 773*z - 5*y = 778*z + 55, -3*z = -2*y - 7. Calculate m(z).
4
Suppose 2*g = 5*q - 37, -g - 17 = -2*q + 2*g. Suppose -8*a + 168 = -2*a. Let h(k) = -4 + 27*k - a*k + 14. What is h(q)?
3
Let p(l) = -6*l - 3. Let d(t) = 2*t**2 + 15*t - 12. Let v be -3 + ((-1)/(-1) - 74). Let a = v - -68. Let h be d(a). Determine p(h).
21
Let t(g) = 3756 - 7514 - 2*g + 3765. Let f be (14/(-6) - -3)*18/4. Determine t(f).
1
Let m(q) = -q**3 - 8*q**2 + 6*q + 4. Suppose -2*p - 85 = -97. Let b(j) = -j**2 + j + 1. Let z(t) = p*b(t) - m(t). Determine z(2).
18
Suppose -7 = -3*l + a + 17, -18 = -5*l - 2*a. Let h(i) = i**3 - 5*i**2 - 8*i - 4. Calculate h(l).
-16
Let i(m) = -930*m**2 + 929*m**2 - 7*m + 13 - 10. Determine i(-6).
9
Let m(o) = -5*o**3 - 3*o**2 - 5*o - 49. Let w(p) = -9*p**3 - 4*p**2 - 9*p - 99. Let h(x) = 11*m(x) - 6*w(x). Determine h(-8).
-1
Suppose -5*s + 13 = -5*t - 2, 5*t = 0. Suppose -5*r - 28 = m, 6*r - s*r + 3*m = -24. Let n be (-6 - -1)*(-1 - 11/r). Let c(x) = x + 7. What is c(n)?
1
Let h = 5380 - 5378. Let c(w) = -w + 8. What is c(h)?
6
Let o(q) = -1536*q + 291. Let i(l) = -279*l + 58. Let k(a) = 11*i(a) - 2*o(a). What is k(-14)?
14
Let p(u) be the second derivative of 5*u**3/6 - 11*u**2/2 - 2*u + 2081. Give p(-4).
-31
Let l(y) = -47 + 5 - 11*y - 29 + 14 - 25. Determine l(-6).
-16
Let k = 1799 - 1786. Let x(s) = -s**3 + 14*s**2 - 12*s - 25. Determine x(k).
-12
Let w(u) = 6*u + 62. Let l(g) = -g - 14. Let a(q) = -5*l(q) - w(q). What is a(7)?
1
Let p(s) = -2*s**2 + 18*s - 17. Let t(z) = z**2 - 9*z + 8. Suppose 0 = 2*c - 7*c + 15. Let o = -723 - -730. Let k(j) = c*p(j) + o*t(j). Determine k(9).
5
Let l(g) = 4*g**3 + 15*g**2 - 16*g + 3. Let j(c) = c**3 + 4*c**2 - 4*c. Let w(z) = -9*j(z) + 2*l(z). Determine w(-5).
-39
Let c(o) be the first derivative of -1/2*o**2 + 1/4*o**4 - 25*o - 1/3*o**3 + 102. Calculate c(0).
-25
Let m(a) = 6*a + 167. Let f be m(2). Let s(g) = 92 + 85 - f + 3*g. Let o(w) = -w - 2. Let r be o(-4). Give s(r).
4
Let q(p) = -p**2 - 19*p + 71. Let u = -15827 + 15804. Give q(u).
-21
Let p(m) = -7*m**2 - 3*m. Let s(l) = l**2 + 7*l - 1 - 22*l + 14*l. Suppose o - z = -6*z + 6, 2*z = -3*o + 5. Let i(v) = o*p(v) + 6*s(v). What is i(-4)?
14
Let n(o) = -o + 2. Let g = 40 - 36. Let c(d) = -75*d + 5 + 75*d - g - d**2. Let h(k) = 2*c(k) + n(k). Calculate h(-3).
-11
Let c(m) = m - 2. Let k be 50/(-75)*(-10 - -1). Suppose -2*q = -3*g + 13, -4*g + k*q - 3*q = -16. What is c(g)?
5
Let h(a) be the first derivative of 2*a**2 - 79*a + 1119. What is h(20)?
1
Let c(x) = -x. Let l(s) = 35*s. Let z(m) = -41*m. Let j(f) = 7*l(f) + 6*z(f). Let u(b) =